mmon factor of 32 and 1648.
16
What is the greatest common divisor of 29283 and 129?
129
Calculate the greatest common factor of 294 and 210.
42
Calculate the greatest common divisor of 42 and 1512.
42
Calculate the greatest common divisor of 25868 and 116.
116
What is the highest common divisor of 682 and 186?
62
Calculate the highest common divisor of 48 and 68.
4
Calculate the highest common factor of 94 and 2.
2
Calculate the greatest common factor of 1085 and 23219.
217
What is the highest common factor of 23377 and 194?
97
Calculate the highest common divisor of 112 and 308.
28
Calculate the greatest common divisor of 2996 and 2354.
214
What is the greatest common divisor of 20 and 16?
4
Calculate the greatest common factor of 63 and 168.
21
Calculate the highest common factor of 15 and 135.
15
What is the highest common divisor of 27 and 621?
27
What is the highest common divisor of 704 and 256?
64
What is the highest common divisor of 33 and 1056?
33
Calculate the greatest common factor of 5 and 65.
5
What is the highest common divisor of 176 and 891?
11
Calculate the greatest common divisor of 904 and 3051.
113
Calculate the greatest common factor of 1240 and 920.
40
Calculate the highest common divisor of 305 and 15.
5
Calculate the highest common factor of 16 and 88.
8
What is the greatest common divisor of 279 and 2821?
31
Calculate the highest common divisor of 236 and 2655.
59
Calculate the highest common factor of 712 and 16.
8
What is the greatest common factor of 15 and 6585?
15
Calculate the highest common divisor of 84 and 448.
28
Calculate the highest common factor of 52 and 27794.
26
What is the highest common divisor of 276 and 348?
12
What is the greatest common divisor of 224 and 2800?
112
Calculate the highest common factor of 20 and 196.
4
Calculate the greatest common divisor of 176 and 4.
4
Calculate the highest common factor of 18 and 117.
9
Calculate the highest common divisor of 84 and 1155.
21
What is the highest common factor of 682 and 62?
62
What is the greatest common factor of 150 and 2262?
6
Calculate the highest common divisor of 40 and 195.
5
Calculate the greatest common divisor of 4728 and 192.
24
Calculate the greatest common divisor of 2511 and 162.
81
What is the highest common divisor of 1274 and 65?
13
What is the highest common divisor of 405 and 45?
45
What is the greatest common divisor of 636 and 36?
12
Calculate the highest common factor of 52 and 65.
13
Calculate the highest common factor of 176 and 3264.
16
Calculate the highest common divisor of 9312 and 96.
96
Calculate the greatest common factor of 16536 and 6.
6
What is the greatest common factor of 20 and 820?
20
What is the highest common factor of 35 and 38815?
35
What is the greatest common factor of 2277 and 1265?
253
What is the highest common divisor of 66 and 330?
66
Calculate the greatest common divisor of 3364 and 232.
116
Calculate the highest common factor of 280 and 30.
10
What is the highest common divisor of 32 and 296?
8
What is the greatest common divisor of 900 and 20?
20
What is the greatest common factor of 741 and 627?
57
What is the highest common divisor of 128 and 8672?
32
Calculate the greatest common divisor of 38 and 3439.
19
What is the greatest common divisor of 31 and 8618?
31
Calculate the highest common factor of 210 and 450.
30
Calculate the highest common divisor of 83 and 33.
1
What is the highest common factor of 180 and 9?
9
Calculate the greatest common factor of 119 and 476.
119
What is the greatest common divisor of 37180 and 260?
260
Calculate the greatest common factor of 830 and 10.
10
Calculate the highest common divisor of 537 and 6.
3
Calculate the greatest common divisor of 3154 and 1494.
166
What is the highest common factor of 64 and 288?
32
Calculate the highest common factor of 1599 and 697.
41
What is the greatest common factor of 3293 and 74?
37
Calculate the greatest common divisor of 1112 and 24.
8
What is the greatest common factor of 1053 and 135?
27
Calculate the greatest common divisor of 4572 and 36.
36
What is the highest common factor of 27 and 27?
27
What is the greatest common factor of 34 and 1802?
34
Calculate the greatest common factor of 29 and 928.
29
Calculate the highest common factor of 2472 and 66.
6
Calculate the greatest common divisor of 21288 and 8.
8
Calculate the greatest common factor of 5605 and 285.
95
What is the highest common divisor of 2352 and 252?
84
What is the highest common divisor of 27 and 1647?
27
What is the highest common divisor of 18172 and 1239?
413
Calculate the greatest common divisor of 85 and 5.
5
What is the greatest common factor of 69 and 25?
1
What is the highest common factor of 6 and 4452?
6
Calculate the greatest common factor of 249 and 47559.
249
Calculate the greatest common divisor of 6 and 219.
3
What is the highest common factor of 36 and 153?
9
What is the greatest common divisor of 85 and 84745?
85
Calculate the greatest common divisor of 11 and 9.
1
What is the highest common divisor of 88 and 99?
11
Calculate the greatest common divisor of 1488 and 96.
48
What is the greatest common divisor of 104 and 12116?
52
What is the greatest common divisor of 92 and 115?
23
What is the highest common factor of 400 and 112?
16
Calculate the highest common factor of 285 and 465.
15
What is the greatest common factor of 1271 and 31?
31
Calculate the greatest common factor of 45 and 2085.
15
What is the greatest common divisor of 4 and 2188?
4
Calculate the greatest common factor of 40 and 3096.
8
What is the greatest common divisor of 12 and 34116?
12
What is the greatest common factor of 36 and 954?
18
What is the highest common divisor of 551 and 76?
19
What is the greatest common factor of 60 and 750?
30
What is the greatest common divisor of 18 and 17037?
9
Calculate the greatest common divisor of 378 and 4473.
63
What is the highest common divisor of 85 and 230?
5
Calculate the highest common factor of 1820 and 560.
140
Calculate the greatest common factor of 28647 and 27.
27
What is the greatest common divisor of 22 and 396?
22
Calculate the greatest common factor of 155 and 4185.
155
Calculate the highest common factor of 22590 and 270.
90
What is the greatest common divisor of 10201 and 101?
101
Calculate the highest common divisor of 3045 and 319.
29
What is the greatest common factor of 40 and 30?
10
What is the highest common divisor of 1362 and 30?
6
What is the highest common factor of 48 and 336?
48
Calculate the highest common divisor of 1334 and 29.
29
What is the highest common factor of 3165 and 15?
15
Calculate the highest common divisor of 284 and 3834.
142
Calculate the highest common divisor of 119 and 7.
7
What is the greatest common factor of 5 and 185?
5
Calculate the highest common divisor of 16013 and 956.
239
What is the highest common factor of 41253 and 3?
3
What is the greatest common divisor of 148 and 1147?
37
What is the greatest common factor of 585 and 3?
3
Calculate the greatest common divisor of 188 and 4.
4
Calculate the greatest common divisor of 2 and 24.
2
Calculate the greatest common divisor of 560 and 2030.
70
What is the highest common divisor of 14510 and 60?
10
Calculate the highest common factor of 1295 and 70.
35
What is the highest common divisor of 897 and 39?
39
Calculate the highest common factor of 2057 and 153.
17
Calculate the greatest common divisor of 18 and 3246.
6
What is the highest common divisor of 52 and 429?
13
Calculate the highest common divisor of 42189 and 123.
123
What is the greatest common factor of 1827 and 63?
63
Calculate the greatest common factor of 40 and 8660.
20
Calculate the highest common factor of 1875 and 150.
75
Calculate the greatest common factor of 174 and 48.
6
What is the greatest common factor of 12 and 112152?
12
Calculate the highest common divisor of 4454 and 34.
34
Calculate the highest common factor of 4 and 236.
4
Calculate the greatest common divisor of 78 and 494.
26
What is the greatest common factor of 147 and 637?
49
Calculate the highest common divisor of 2336 and 608.
32
Calculate the highest common factor of 1962 and 54.
18
What is the highest common factor of 305 and 244?
61
Calculate the greatest common divisor of 53 and